t are the prime factors of 982694305?
5, 196538861
What are the prime factors of 64741903?
131, 494213
List the prime factors of 69040150.
2, 5, 37, 67, 557
List the prime factors of 25097921.
25097921
List the prime factors of 34535126.
2, 17, 1015739
What are the prime factors of 571902121?
7, 83, 984341
What are the prime factors of 7007864685?
3, 5, 433, 857, 1259
List the prime factors of 406746738.
2, 3, 7532347
What are the prime factors of 46993102?
2, 13, 1049, 1723
What are the prime factors of 2938952015?
5, 19, 557, 55541
What are the prime factors of 135214841?
135214841
What are the prime factors of 10636431?
3, 13, 223, 1223
List the prime factors of 556356614.
2, 11, 23, 1099519
What are the prime factors of 38135033?
19, 2007107
What are the prime factors of 22507655?
5, 37, 89, 1367
What are the prime factors of 919087588?
2, 227, 541, 1871
List the prime factors of 2860763066.
2, 7, 131, 1559849
What are the prime factors of 104019014?
2, 11, 73, 239, 271
List the prime factors of 307684529.
307684529
List the prime factors of 646226683.
22447, 28789
What are the prime factors of 61485558?
2, 3, 19, 539347
List the prime factors of 4062840.
2, 3, 5, 33857
List the prime factors of 39092774.
2, 7, 2792341
List the prime factors of 40268572.
2, 479, 21017
What are the prime factors of 25068840?
2, 3, 5, 208907
What are the prime factors of 49863622?
2, 1151, 21661
List the prime factors of 134470749.
3, 7, 130681
What are the prime factors of 10953550?
2, 5, 219071
What are the prime factors of 4704759769?
59, 3307, 24113
What are the prime factors of 865306921?
59, 149, 257, 383
List the prime factors of 1054531767.
3, 41, 8573429
List the prime factors of 275993310.
2, 3, 5, 31, 296767
What are the prime factors of 48968585?
5, 17, 576101
List the prime factors of 2901371211.
3, 2549, 42157
List the prime factors of 1294201798.
2, 103, 6282533
What are the prime factors of 4858291363?
4858291363
List the prime factors of 286109131.
7, 11, 3715703
What are the prime factors of 15401052?
2, 3, 43, 9949
List the prime factors of 1359137332.
2, 7, 113, 429563
List the prime factors of 1283754381.
3, 7, 13, 47, 14293
List the prime factors of 2658333647.
79, 127, 264959
List the prime factors of 30907391.
30907391
What are the prime factors of 16781011?
13, 1290847
What are the prime factors of 308175167?
17, 18127951
What are the prime factors of 223953221?
641, 349381
List the prime factors of 863858676.
2, 3, 71988223
What are the prime factors of 46951411?
13, 367, 757
What are the prime factors of 2304499323?
3, 7, 193, 541, 1051
List the prime factors of 6156583822.
2, 3078291911
What are the prime factors of 85092812?
2, 7, 109, 569
List the prime factors of 25855545.
3, 5, 157, 10979
What are the prime factors of 2989404392?
2, 13, 23, 67, 811
What are the prime factors of 293529972?
2, 3, 24460831
List the prime factors of 6154012626.
2, 3, 79, 349, 37201
List the prime factors of 18498937.
18498937
List the prime factors of 829633687.
31, 157, 373, 457
What are the prime factors of 46377388?
2, 11594347
List the prime factors of 14711678.
2, 1187, 6197
List the prime factors of 338186022.
2, 3, 167, 337511
What are the prime factors of 1415029499?
13, 199, 546977
What are the prime factors of 3538063366?
2, 23, 701, 109721
What are the prime factors of 64786402?
2, 293, 110557
What are the prime factors of 87676827?
3, 7, 349, 1709
What are the prime factors of 4870601912?
2, 11, 55347749
List the prime factors of 344487182.
2, 13, 1237, 10711
What are the prime factors of 866569277?
7, 123795611
List the prime factors of 957649655.
5, 1171, 163561
List the prime factors of 26555835.
3, 5, 193, 9173
What are the prime factors of 229035180?
2, 3, 5, 11, 37, 83, 113
What are the prime factors of 477378076?
2, 7, 17049217
List the prime factors of 34555946.
2, 19, 59, 15413
List the prime factors of 6056231810.
2, 5, 17, 5569, 6397
What are the prime factors of 77184931?
1231, 62701
What are the prime factors of 34024470?
2, 3, 5, 1134149
List the prime factors of 2609203.
37, 97, 727
What are the prime factors of 3771509411?
2999, 1257589
List the prime factors of 27575555.
5, 7, 19, 41467
What are the prime factors of 196169629?
196169629
What are the prime factors of 51007009?
263, 193943
What are the prime factors of 2288850136?
2, 743, 385069
List the prime factors of 823644712.
2, 11, 9359599
List the prime factors of 93214980.
2, 3, 5, 517861
What are the prime factors of 2090221867?
8089, 258403
What are the prime factors of 21830836?
2, 5457709
What are the prime factors of 143702482?
2, 7, 11, 23, 29, 1399
What are the prime factors of 1916131457?
71, 137, 196991
List the prime factors of 46987373.
37, 1269929
List the prime factors of 599609236.
2, 1091, 137399
What are the prime factors of 3661045623?
3, 37, 10994131
List the prime factors of 37557212.
2, 7, 11, 61, 1999
List the prime factors of 167445900.
2, 3, 5, 62017
What are the prime factors of 80981951?
31, 2612321
What are the prime factors of 3215671357?
229, 14042233
List the prime factors of 65413528.
2, 8176691
What are the prime factors of 137932380?
2, 3, 5, 23, 33317
List the prime factors of 1005402599.
131, 7674829
What are the prime factors of 4916089929?
3, 5791, 282973
List the prime factors of 654819627.
3, 7, 11, 2834717
What are the prime factors of 2579744683?
2579744683
List the prime factors of 70904524.
2, 17726131
List the prime factors of 79133050.
2, 5, 71, 22291
What are the prime factors of 172265081?
37, 577, 8069
What are the prime factors of 5460686809?
5460686809
List the prime factors of 190559461.
2309, 82529
List the prime factors of 1117351077.
3, 372450359
What are the prime factors of 1486038180?
2, 3, 5, 11, 2251573
List the prime factors of 37676832.
2, 3, 392467
What are the prime factors of 154576018?
2, 127, 223, 2729
What are the prime factors of 156431300?
2, 5, 1564313
List the prime factors of 30823795.
5, 19, 23, 14107
List the prime factors of 150946825.
5, 17, 173, 2053
List the prime factors of 35015451.
3, 11671817
What are the prime factors of 3592428743?
19, 823, 229739
List the prime factors of 2225790233.
47, 47357239
List the prime factors of 4721669520.
2, 3, 5, 31, 773, 821
List the prime factors of 213312410.
2, 5, 569, 37489
List the prime factors of 187665527.
7, 19, 53, 79, 337
List the prime factors of 628910206.
2, 17, 23, 31, 25943
List the prime factors of 223289157.
3, 7, 13, 41, 19949
What are the prime factors of 520425007?
3389, 153563
What are the prime factors of 28013209?
7, 41, 97607
What are the prime factors of 317956813?
107, 2971559
What are the prime factors of 162780776?
2, 20347597
List the prime factors of 1737154938.
2, 3, 5039, 57457
What are the prime factors of 92583947?
23, 4025389
List the prime factors of 694779767.
11, 29, 43, 50651
List the prime factors of 289263874.
2, 17, 8507761
List the prime factors of 2115331346.
2, 3407, 310439
List the prime factors of 1320564217.
7, 47, 113, 35521
What are the prime factors of 4592684877?
3, 11, 113, 1231613
What are the prime factors of 34545627?
3, 1097, 3499
What are the prime factors of 10117009?
7, 1445287
What are the prime factors of 42228735?
3, 5, 19, 148171
List the prime factors of 408259146.
2, 3, 68043191
What are the prime factors of 8910288?
2, 3, 43, 1439
List the prime factors of 1427803533.
3, 13, 12203449
List the prime factors of 72199262.
2, 241, 149791
What are the prime factors of 84415074?
2, 3, 14069179
List the prime factors of 41690338.
2, 2099, 9931
What are the prime factors of 257477221?
7459, 34519
List the prime factors of 1503580885.
5, 300716177
What are the prime factors of 2585009903?
7, 369287129
List the prime factors of 1050269645.
5, 433, 485113
What are the prime factors of 9151970?
2, 5, 915197
List the prime factors of 43091201.
4957, 8693
List the prime factors of 739699910.
2, 5, 79, 936329
What are the prime factors of 92571425?
5, 31, 119447
List the prime factors of 6861847.
6861847
List the prime factors of 4000183687.
3469, 1153123
What are the prime factors of 36762141?
3, 13, 421, 2239
What are the prime factors of 376859632?
2, 23553727
List the prime factors of 350